{"id":822,"date":"2023-04-03T21:47:15","date_gmt":"2023-04-03T19:47:15","guid":{"rendered":"http:\/\/az-serwer1862899.online.pro\/autoinstalator\/wordpress4\/?post_type=product&#038;p=822"},"modified":"2024-03-24T21:19:09","modified_gmt":"2024-03-24T20:19:09","slug":"bialy-profil-przyokienny-z-uszczelka","status":"publish","type":"product","link":"https:\/\/profigips.com\/de\/product\/bialy-profil-przyokienny-z-uszczelka\/","title":{"rendered":"Wei\u00dfes Fensterprofil mit Dichtung"},"content":{"rendered":"<ul>\n<li>verhindert Risse in der Fuge zwischen Putz und Fensterrahmen<\/li>\n<li>sch\u00fctzt die Fenster vor Kratzern und Schmutz w\u00e4hrend der Arbeit<\/li>\n<li>verbessert die \u00c4sthetik der Fassade<\/li>\n<\/ul>\n<p>Erkl\u00e4rung der technischen Merkmale:<\/p>\n<p><a href=\"\/wp-content\/uploads\/2023\/04\/DWU-14_2023-Listwy-przyokienne-PCV_PP.pdf\">DWU 14_2023 PVC_PP Sockelleisten<\/a><\/p>\n<p>Technische Informationen:<\/p>\n<p><a href=\"\/wp-content\/uploads\/2023\/04\/Informacja-techniczna_Listwy-przyokienne.pdf\">Technische Informationen_Fensterlamellen<\/a><\/p>","protected":false},"excerpt":{"rendered":"<p>verhindert Risse an der Fuge zwischen Putz und Fensterrahmen sch\u00fctzt das Fenster vor Kratzern und Verschmutzungen w\u00e4hrend der Arbeiten verbessert die \u00c4sthetik des Fassadenabschlusses Erkl\u00e4rung der technischen Eigenschaften: DWU 14_2023 PVC_PP Fensterverkleidung Technische Informationen: Technische Informationen_Fensterverkleidung<\/p>","protected":false},"featured_media":823,"comment_status":"open","ping_status":"closed","template":"","meta":{"_acf_changed":false},"product_cat":[19,31],"product_tag":[27],"class_list":{"0":"post-822","1":"product","2":"type-product","3":"status-publish","4":"has-post-thumbnail","6":"product_cat-do-tynkowania","7":"product_cat-szczegolnie-polecane","8":"product_tag-pcv","10":"first","11":"instock","12":"shipping-taxable","13":"product-type-variable"},"acf":[],"_links":{"self":[{"href":"https:\/\/profigips.com\/de\/wp-json\/wp\/v2\/product\/822","targetHints":{"allow":["GET"]}}],"collection":[{"href":"https:\/\/profigips.com\/de\/wp-json\/wp\/v2\/product"}],"about":[{"href":"https:\/\/profigips.com\/de\/wp-json\/wp\/v2\/types\/product"}],"replies":[{"embeddable":true,"href":"https:\/\/profigips.com\/de\/wp-json\/wp\/v2\/comments?post=822"}],"wp:featuredmedia":[{"embeddable":true,"href":"https:\/\/profigips.com\/de\/wp-json\/wp\/v2\/media\/823"}],"wp:attachment":[{"href":"https:\/\/profigips.com\/de\/wp-json\/wp\/v2\/media?parent=822"}],"wp:term":[{"taxonomy":"product_cat","embeddable":true,"href":"https:\/\/profigips.com\/de\/wp-json\/wp\/v2\/product_cat?post=822"},{"taxonomy":"product_tag","embeddable":true,"href":"https:\/\/profigips.com\/de\/wp-json\/wp\/v2\/product_tag?post=822"}],"curies":[{"name":"wp","href":"https:\/\/api.w.org\/{rel}","templated":true}]}}

Weißes Fensterprofil mit Dichtung

<ul>
<li>verhindert Risse in der Fuge zwischen Putz und Fensterrahmen</li>
<li>schützt die Fenster vor Kratzern und Schmutz während der Arbeit</li>
<li>verbessert die Ästhetik der Fassade</li>
</ul>
<p>Erklärung der technischen Merkmale:</p>
<p><a href="/wp-content/uploads/2023/04/DWU-14_2023-Listwy-przyokienne-PCV_PP.pdf">DWU 14_2023 PVC_PP Sockelleisten</a></p>
<p>Technische Informationen:</p>
<p><a href="/wp-content/uploads/2023/04/Informacja-techniczna_Listwy-przyokienne.pdf">Technische Informationen_Fensterlamellen</a></p>

<p>verhindert Risse an der Fuge zwischen Putz und Fensterrahmen schützt das Fenster vor Kratzern und Verschmutzungen während der Arbeiten verbessert die Ästhetik des Fassadenabschlusses Erklärung der technischen Eigenschaften: DWU 14_2023 PVC_PP Fensterverkleidung Technische Informationen: Technische Informationen_Fensterverkleidung</p>
